 -71. Let j be (2/(-6))/(10/(-570)) + 1. What is the greatest common divisor of j and r?
4
Suppose m + 20 = v, -2*m = -5*v - 50 + 162. Calculate the greatest common factor of v and 2.
2
Let z(r) = -2*r + r**3 + 230*r**2 - 3*r - 215*r**2 + 31. Let v be z(-14). Calculate the greatest common factor of 27 and v.
27
Let y = -588 + 903. What is the greatest common divisor of y and 84?
21
Let r(z) = z + 11. Let p be r(-9). Let h be (2 - 25)*(p + -4). Suppose 3*d = -3*a + 223 - h, 4*d - 224 = -a. What is the highest common divisor of d and 11?
11
Let p = -14 + 16. Let d(o) = 2 + 4 - 4 + p + 3*o. Let a be d(2). Calculate the greatest common factor of a and 30.
10
Let r = 910 - 742. Calculate the greatest common factor of r and 63.
21
Let d = 221 + -109. Suppose -7*y + 416 = 19*y. Calculate the greatest common divisor of y and d.
16
Let p be (32/(-2))/(-4) - 0. Suppose 23 = p*d - 137. Calculate the greatest common divisor of d and 60.
20
Let u be 20/(-50) + (-514)/(-10). Suppose d + 89 = 5*k, -2*k - k + 5*d = -71. Calculate the highest common factor of u and k.
17
Suppose -2*m + 848 = -4*z, -4*m = -4*z - 0*z - 1712. Let u(y) = -8*y**3 - 2*y**2 + y. Let k be u(-2). What is the greatest common divisor of k and m?
54
Let n = -8 + 12. Suppose -3*i + 3*a = -2*a + 50, 0 = i - 5*a. Let m be (1 - (3 - 0))*(-26 - i). Calculate the greatest common factor of n and m.
2
Let u be (2831 + -1)/((-840)/(-1008)). What is the highest common divisor of u and 12?
12
Suppose 0 = 4*m - 3*c - 20, 2*m - 4*c + 32 = 4*m. Calculate the greatest common divisor of 152 and m.
8
Let o(p) = 4*p**2 - p - 3. Let c(n) = n**3 + 4*n**2 - 3*n - 4. Let s be c(-5). Let g = s + 11. Let d be o(g). What is the greatest common divisor of 9 and d?
9
Suppose -5*x = 10*x - 30. Calculate the greatest common factor of x and 32.
2
Let c(h) = 22*h - 28. Let t be c(2). What is the greatest common divisor of 24 and t?
8
Suppose -30*v = 69 - 189. Calculate the highest common divisor of 92 and v.
4
Suppose q - 6*q = -3*o - 23, 0 = 3*q + 3*o - 9. Suppose -u + 116 = -q*g, -4*u + 652 = -g + 158. What is the highest common factor of u and 31?
31
Suppose 0 = 3*p + 2*s - 72, -s = 5*p - 51 - 69. Let g be (10/25)/((-2)/(-30)). Calculate the highest common divisor of p and g.
6
Suppose 6*i - 153 = 4*i - 5*x, -218 = -3*i + 4*x. Let k = i - 70. What is the greatest common divisor of 12 and k?
4
Suppose 5*r - 5*h = 2570, -r + 200 + 310 = h. Calculate the highest common divisor of 32 and r.
32
Let m(h) = h**2 + 4*h - 6. Let i be m(-6). Suppose -4*r + 8 = -4*u + 52, r - 25 = -5*u. Calculate the greatest common factor of i and u.
6
Suppose -5*z = 5*t - 615, 5*t - 4*t = -2*z + 248. Calculate the greatest common factor of z and 50.
25
Let g(o) = o**2 + 13*o + 9. Let n be g(-9). Let k = n - -43. Calculate the highest common divisor of k and 176.
16
Let g be (1 + 0)*(26 - -184). Calculate the highest common factor of 42 and g.
42
Suppose t + c - 1 = 0, 3*t + 3*c + 11 = 7*t. Suppose 0 = -z, -5*r + 3*z + t*z = -70. Calculate the highest common divisor of 28 and r.
14
Let j(v) = -57*v - 11. Let y be -6*-2*(-4)/16. Let m be j(y). Calculate the greatest common factor of 20 and m.
20
Suppose 10*f - 661 = 209. Calculate the greatest common divisor of f and 58.
29
Let b(l) be the first derivative of -l**4/4 - 7*l**3/3 + 3*l**2 - 2*l - 6. Let i be b(-8). Calculate the highest common factor of i and 14.
14
Suppose 520 = -11*h + 1840. Calculate the greatest common divisor of 1920 and h.
120
Let z = -510 - -537. What is the greatest common factor of 216 and z?
27
Suppose 4*x - 4*a - 3 = -7, -a = 5*x - 19. Calculate the highest common factor of x and 48.
3
Let z(k) = -k**3 + 4*k. Let a be z(-5). Suppose -39 - 17 = -4*y. Suppose 4*g - 4*d = 148, 11 = 5*d - y. Calculate the highest common divisor of a and g.
21
Let q = 2347 - 2299. What is the highest common divisor of 888 and q?
24
Let p = -252 - -627. Calculate the highest common factor of 15 and p.
15
Suppose -5*w - b = -4*w - 146, -4 = -2*b. What is the greatest common factor of w and 162?
18
Suppose 0 = 2*v + 2*t - 594, -2*t = -0 + 4. What is the highest common divisor of 23 and v?
23
Let k(m) be the third derivative of -m**4/24 + m**3/3 - 72*m**2. Suppose 0 + 8 = -4*y. Let h be k(y). Calculate the highest common factor of h and 1.
1
Let d(r) = 1152 + 37*r**2 - 1153 - 10*r**2. Suppose 3*p - 23 = -5*n - 3, -n - 2*p = -11. Let i be d(n). Calculate the greatest common divisor of 208 and i.
26
Suppose -3*t + 1129 = -80. Suppose -l - 4*x = -141, -4*x + 6*x = -3*l + t. What is the greatest common divisor of 19 and l?
19
Let q(a) = -a**3 + 13*a**2 + 9. Let m = 63 + -50. Let x be q(m). Calculate the highest common divisor of x and 36.
9
Let n be (-23)/138 - (-1)/6. Let r be (n + 1)*312/6. What is the greatest common divisor of 13 and r?
13
Let d(r) = 2*r**2 + 7*r + 4. Suppose 2*b + 3*b = 4*m + 14, -30 = 4*m + 3*b. Let q be d(m). Calculate the highest common divisor of q and 136.
34
Let h = 14 - 9. Let d be 3 + (-35)/h + 8. Calculate the highest common divisor of d and 12.
4
Suppose 0 = 93*p - 103*p + 80. What is the greatest common factor of p and 1128?
8
Suppose -2*n - 6 = 16. Let x be (0 - 12)*n/3. Suppose 5*m + 2*j = 57 - 12, -2*m = -3*j - 37. What is the highest common factor of m and x?
11
Suppose 0 = 4*z - 4*j - 412, -4*z = 4*j + j - 412. Let u = z + -79. Calculate the greatest common factor of u and 8.
8
Let a = 42 - 62. Let h be (8/a)/(1/(-65)). Suppose -4*p + 2*o - 82 = -348, -2*p - o = -127. What is the greatest common divisor of p and h?
13
Suppose 15*m = -9*m + 480. What is the greatest common factor of 130 and m?
10
Suppose 17*n - 15*n = 4, -5*a - 4*n + 48 = 0. Calculate the highest common divisor of a and 28.
4
Let v = 218 + -214. Calculate the highest common factor of 8 and v.
4
Let a be 9146/238 + (36/21)/3. Calculate the highest common divisor of 1677 and a.
39
Suppose v = j - 198, 3*j + v - 157 - 445 = 0. Calculate the highest common divisor of j and 275.
25
Let f(j) = -4*j - 14. Let z be f(-7). Let m be (-18 + 0)/(-3)*z/6. What is the greatest common factor of m and 14?
14
Let i = -2339 - -2364. What is the greatest common factor of 650 and i?
25
Let q(v) = v - 8. Let t be q(8). Suppose t = -4*z - 2 + 366. Calculate the highest common divisor of z and 13.
13
Let s = 28 + 119. Let t(v) = 16*v - 107. Let x be t(8). What is the highest common factor of s and x?
21
Let t be -39 + 2 - 3/(-3). Let i be (-6)/t - (-202)/12. What is the greatest common factor of i and 187?
17
Let r be 1*-14*(60/(-42) + -2). Calculate the greatest common divisor of 24 and r.
24
Let m = 5 + -1. Suppose 11 = 3*u - 0*b - m*b, -2*u + 2*b = -8. What is the greatest common factor of u and 2?
1
Suppose 0 = -34*o + 2028 + 1372. Calculate the highest common factor of o and 350.
50
Let y(a) = -a - 8. Let b be y(-16). Suppose 3*r - i = 20 + 4, -5*i - b = r. Suppose -2*f = 3*f - 35. What is the highest common factor of f and r?
7
Suppose -5*t + 3*y = -186, -2*t - 2*y + 4*y = -76. Suppose 3*f = 5*f - t. Let g be (-18)/(-1)*-4*-1. What is the greatest common factor of g and f?
18
Let i(w) = -w**2 + 37*w - 334. Let f be i(16). Calculate the highest common divisor of 11 and f.
1
Suppose 0*x - c + 75 = x, -c = -5*x + 345. What is the highest common factor of 10 and x?
10
Suppose -p - 7*q = -2*q - 478, 2*q = 3*p - 1485. What is the highest common factor of p and 17?
17
Let v(m) = 6*m - 17. Let y be v(3). Let n(j) = 24*j - 9. Let r be n(y). What is the highest common divisor of 285 and r?
15
Suppose l - 72 = -2*y, -4*l + 7*l + 2*y = 212. What is the greatest common divisor of l and 770?
70
Suppose 7*y - 5*y = 118. Suppose 5*x - y = 16. What is the highest common divisor of x and 20?
5
Suppose 11*o - 12*o = -6. Let s(h) = -h**3 + 8*h**2 - 3*h - 12. Let f be s(o). What is the greatest common factor of 42 and f?
42
Let x be -5*(534/(-15) - -4). Suppose x = 3*v + 5*u, 2*u + 188 - 37 = 3*v. What is the highest common divisor of v and 68?
17
Suppose -7*j + 0*j + j = 0. Suppose -11*t - 6*t + 391 = j. What is the highest common divisor of 161 and t?
23
Suppose 0 = -3*z + 2*z + 4. Suppose 107 = z*g - 37. Let l be 24*((-9)/4 - -3). What is the highest common factor of g and l?
18
Let z(b) = 32*b + 3. Let l be z(3). Let r = -